*3 - a**2 + 2*a - 10. Let g(l) = -b(l) - 3*y(l). Suppose 5*f - 20 = -5*k + 30, -k = -f. Determine g(f).
-13
Let d(f) = -4*f - 1. Let o(a) = 2*a - 3. Let k(u) = -5*u + 5. Let c(t) = 3*k(t) + 5*o(t). Let m(b) = -3*c(b) + 4*d(b). Suppose -5*s = -s. Determine m(s).
-4
Let t(u) = -48*u. Let j(q) = 49*q. Let s(k) = 6*j(k) + 7*t(k). Determine s(1).
-42
Let f(v) = 3 - 36 + 12 + 4 + 4*v - 1. Determine f(6).
6
Let i(h) = -h**3 - 4*h**2 - 4*h + 3. Let c(a) = 2*a**3 + 7*a**2 + 7*a - 7. Let l = -42 - -35. Let d(w) = l*i(w) - 4*c(w). What is d(0)?
7
Suppose 12 = 4*j + 3*t, -3*t + 0*t = -2*j + 6. Let z be j + (-2 - (-5 + 0)). Let k(p) = 15*p - z*p + 7 - p**2 - 6*p. Determine k(5).
-3
Suppose -5*m + 0*q = -q + 12, 4*m + 5*q - 2 = 0. Let d(l) = l**2 - 2*l**2 - 3 + 4 - 2*l**3. Calculate d(m).
13
Suppose -2*a + 3*a + 5*h + 42 = 0, -a - 2*h = 42. Let k be (-36)/a*(-14)/(-3). Let q be k/(-3 + 1) + -3. Let m(d) = d**3 + 5*d**2 + 7. Determine m(q).
7
Let b(h) = 13*h**3 + 15*h**2 + 18*h + 1. Let q(f) = -8*f**3 - 8*f**2 - 9*f. Let a(i) = 3*b(i) + 5*q(i). What is a(7)?
-32
Let r(s) = s**2 - 7*s - 5. Let a be -1 + (2 + -3)*-4. Suppose -2*m - 11 = 5*j, -2*m + 5*j + 36 + a = 0. Determine r(m).
-5
Let f(o) = o**2 + 3 + 5*o + 17*o + 1 - 15*o. Let m be (-20)/7 + (-10)/70. Calculate f(m).
-8
Let l(x) = -17*x + 6. Let s(o) = -17*o + 7. Let p(a) = -5*l(a) + 4*s(a). Give p(3).
49
Suppose -737*o = -735*o - 12. Let p(g) = g**3 - 7*g**2 - 2*g + 8. Determine p(o).
-40
Let u(l) = l**2 + 19*l - 4. Let k be u(-19). Let m(d) = -d**2 - 7*d - 10. What is m(k)?
2
Let l be 110/14 - 19/(-133). Let v(n) = n**3 - 7*n**2 - 5*n + 5. Give v(l).
29
Let b(d) = d**3 + 7*d**2 + 6*d - 5. Suppose 3*w + 11 = -5*a - 19, 3*w + 2*a = -21. What is b(w)?
15
Let a(s) be the third derivative of -s**4/24 + 11*s**2 - 29*s. Give a(7).
-7
Let z = -111 + 174. Let c be (z/(-7))/3*10/(-6). Let a(l) = -l**2 + 3*l + 6. What is a(c)?
-4
Let u(p) = -9*p + 1. Let t(f) = -11*f. Let c(m) = 4*t(m) - 5*u(m). Calculate c(5).
0
Let s(q) be the first derivative of q**4/4 - 2*q**3 + q - 365. Give s(4).
-31
Let n(o) = -3*o - 16. Suppose 4*d + 2*a = -18, 3*d - 4*a + 11 + 19 = 0. What is n(d)?
2
Let s(m) = 13*m**2. Let k be (-21)/(-6) - 90/36. Calculate s(k).
13
Let o(u) = -3*u + 80. Let v be o(25). Let j(q) be the first derivative of 4*q + 1/2*q**2 + v. Calculate j(-3).
1
Let b(g) = 204*g - 416*g + 208*g - g**2 + 1. Give b(-5).
-4
Let u = 969 - 962. Let i(c) = c**3 - 6*c**2 - 8*c - 6. What is i(u)?
-13
Suppose 2*o = 3 - 19. Let p be (-11 - -1)*o/20. Let z(g) = -2*g + 2. What is z(p)?
-6
Suppose -4*k - 135 + 23 = 0. Let a be (60/21)/((-8)/k). Let r = -7 + a. Let p(g) = g**3 - 3*g**2 - g + 1. Determine p(r).
-2
Let p(f) = -f**3 + 12*f**2 - f + 13. Suppose -v - 2*v - 33 = -2*w, 5*w = 3*v + 69. Let g be p(w). Let l(d) = -2*d - 1. Calculate l(g).
-3
Let o(n) = 2*n - 18. Let d be o(11). Let k be (d/(-3))/(8/(-30)). Let p(q) = 5 + 3*q - k + 3. What is p(-2)?
-3
Suppose u = -3*s + 10, -4 = -2*u + 3*s - 29. Let k(f) = f**2 + 12*f + 29. What is k(u)?
-6
Let o(z) = 7*z - 20. Suppose -16*d + 39 = -3*d. Give o(d).
1
Let i(a) = -2*a + 4 + 4*a - 2. Let d(n) = -1. Let z(q) = 3*d(q) - i(q). Let v be 3/6*-20*2/4. Give z(v).
5
Let z(p) = p**3 + 4*p**2 - 6*p. Let j = 64 + -59. Suppose 6*s = -25 - j. Calculate z(s).
5
Let a(h) = 3*h**2 - h - 10. Let q(v) = v**2 + 1. Let k(x) = a(x) - 4*q(x). What is k(0)?
-14
Let o(v) = 9*v + 1. Suppose -97*b - 3 = -94*b. Give o(b).
-8
Let b = -493 - -490. Let d(z) = 4*z + 16. Determine d(b).
4
Let z(m) = 2*m**3 + 11*m**2 + 5*m + 76. Let f be z(-6). Let h(b) = -b + 16. Give h(f).
6
Let z(r) = 2*r**3 - 7*r**2 + 7*r - 3. Let h(p) = -p**3 + p. Let n(i) = -h(i) - z(i). Let y be (-51 - -1)/(-10 + 8). Suppose -l + 6*l = y. Determine n(l).
13
Suppose 4*n = 3*r - 6, 2*r + 2*n + n = 4. Let u(z) = -5*z + 3*z - r - 5*z - z**2. Let b = -862 + 857. What is u(b)?
8
Let r(a) = -9 - 168*a + 88*a + 81*a. Let q be r(6). Let u(m) = -m**3 - 2*m**2 - 2*m - 3. Determine u(q).
12
Let u(y) = 23*y - 13*y - 11*y + 1 + 4 - 2. Let c be ((-4)/5)/(2/(-10)). Calculate u(c).
-1
Let x(s) = -4*s - 1. Let n be x(-3). Suppose 5 = -n*q + 16*q. Let m(k) = -8*k**2 + 1. Give m(q).
-7
Let l = -36 + 109/3. Let c(t) be the first derivative of -5/2*t**2 - 3 - l*t**3 - 2*t. Give c(-5).
-2
Let h(n) = -6 - 5*n - 5 + 8 - n**2. Suppose -12 = 5*q + 8. Calculate h(q).
1
Suppose -5 = -k - 9. Let n(m) = 3*m**2. Let x(u) = -4*u**2 + u + 1. Let j(q) = -3*n(q) - 2*x(q). What is j(k)?
-10
Let f(w) be the third derivative of w**7/360 + w**5/6 - 14*w**2. Let c(p) be the third derivative of f(p). Calculate c(1).
14
Let r(v) = -v**3 + 6*v**2 + 6*v + 13. Let l be (4 - 7) + 7 + 3 + 0. Give r(l).
6
Let q = -1/802 + 1404/401. Let x(i) be the first derivative of -2/3*i**3 - 9 - i + q*i**2. Determine x(5).
-16
Let g(n) be the second derivative of 0 - 1/3*n**3 + 3*n**2 + 4*n. Let b = 8 + -4. Determine g(b).
-2
Let p(k) = -12*k + 2. Suppose 0 = 23*g - 77 + 8. Calculate p(g).
-34
Let a(r) = -r**2 - 14*r + 39. Suppose 5*f = -4*i - 105, 11*i - 44 = 2*f + 13*i. Calculate a(f).
-12
Let l(o) = -2 + 8*o**2 + 17*o + 27 + 10*o - 7*o**2. Let n be l(-26). Let v(f) = -f**3 - 2*f**2 + 3*f**2 - 5*f**3. What is v(n)?
7
Let f(z) = -9*z + 40*z - 16*z. What is f(3)?
45
Let s(c) = -c**2 + 7*c - 10. Suppose -r + 1 + 6 = -2*z, 0 = 3*r - 2*z - 13. Determine s(r).
2
Let p(g) = 2*g**3 - g**3 + 30*g**2 - 5 - 22*g**2. Suppose 895*x - 32 = 899*x. Give p(x).
-5
Let i(u) be the first derivative of 18 + 1/3*u**3 + 3*u - 5/2*u**2. Calculate i(3).
-3
Let i = -86 + 94. Let o(s) = -s**3 + 8*s**2 - s + 10. Calculate o(i).
2
Let p = -20 + 5. Let y be 3/p - (-3)/15. Suppose y = 2*l + 2*l + 16. Let j(u) = -u**2 - 3*u - 1. Calculate j(l).
-5
Suppose 0*o = -5*w - 2*o, 5*o = -5*w. Let c(i) be the second derivative of -i**2 + 0*i**3 + 1/6*i**4 + w + 6*i. What is c(2)?
6
Let c(i) = -4*i + 1. Let y = 33 - 30. Suppose y - 7 = -2*m. What is c(m)?
-7
Let i(t) = 12*t**2 - 2 - 1 - 3*t**2 + t**3 - 2*t**2 + 5*t. Let y be i(-6). Let o(w) = 2 - 153*w**3 + 152*w**y + 7*w**2 - 4*w**2. What is o(3)?
2
Suppose -123*h = -133*h + 30. Let l(r) be the second derivative of r**4/12 - r**3/6 - r**2 - 4*r. What is l(h)?
4
Let a(r) = -r**3 - 3*r**2 + 2*r. Let i be (-3)/(-4) + 1136/(-64). Let m = 15 + i. Give a(m).
-8
Let k(l) = -2*l - 1. Let s(b) = 20*b + 6. Let m(t) = 3*k(t) + s(t). Calculate m(-2).
-25
Let z(k) = -2 + k**2 + 2*k + 1 + k. Suppose -22*j = -38*j - 32. Determine z(j).
-3
Let b(r) = -92*r + 2*r**2 + 7 - 3*r**2 + 42*r + 43*r. Determine b(-9).
-11
Let s be 2/8 + 231/(-12). Let l = 25 + s. Let b(c) = c**3 - 6*c**2 + 2. Determine b(l).
2
Let z(n) = n + 9. Let c be (177/5)/(-3) + (-4)/(-5). Calculate z(c).
-2
Let c = 1346 - 1344. Let u(x) = -x + 3. Give u(c).
1
Let y(r) = -r**2 + 10*r - 6. Let b = 142 + -133. Give y(b).
3
Let j(c) = 4*c + c**3 + 15*c**2 - 4*c**2 - 5*c**2 - 9*c**2 + 2 - 5*c. Determine j(3).
-1
Let x(b) = -b**2 + b + 1. Let n(y) be the third derivative of y**5/30 - 5*y**4/12 + y**3/3 + 7*y**2. Let g be n(4). Let i be 4/g*15/10. What is x(i)?
-1
Let f(i) = i**3. Let o = -149 - -148. Determine f(o).
-1
Let c be 38/6 - ((-2)/(-6) + 0). Let b(l) = -8*l**2 + 7*l - l**3 + 14*l**2 - 8*l**2 - c - 4*l**2. Determine b(-7).
-6
Let a(l) = -4*l + 1. Let h(n) = -7*n + 2. Suppose -5*z + 2*z - 6 = 3*m, -4*m + 4*z = -32. Let c(d) = m*h(d) - 5*a(d). What is c(5)?
-4
Let t(j) = 48 - 25 + 0*j - 24 - 5*j. Calculate t(2).
-11
Let t(l) = -12*l**2 + 19*l - 15. Let j(v) = -5*v**2 + 10*v - 7. Let i(r) = 5*j(r) - 2*t(r). Give i(5).
30
Let a(l) = -19*l - 17*l - 16*l + 53*l + 4. Let f(h) = -h**3 + 7*h**2 - h + 4. Let w be f(7). Let v be -2 - w*(-2)/(-3). Give a(v).
4
Let s(w) = 2 + 6*w - 4*w - 3*w. Suppose -8 = -5*f - 2*n, -1 = 3*f + 5*n - 2. Determine s(f).
0
Let n(r) = r + 4. Let a be -9 - 1 - (11 - 5 - 3). What is n(a)?
-9
Let x = -86 + 107. Suppose x = 7*n - 28. Let v(k) = k - 8. Determine v(n).
-1
Let f(x) = 5*x - 40. Let r(w) = -6*w + 47. Let y(u) = -5*f(u) - 4*r(u). Give y(4).
8
Let c = -116 - -123. Let a(v) = v**3 - 5*v**2 - 5*v - 6. Give a(c).
57
Let q(d) = -5411 - 4*d**2 + 10820 + 16*d - 5409. Determine q(3).
12
Let r(i) = i**3 - 3*i**2 - 2*i - 4. Suppose 6*v - 194 + 62 = 0. Suppose 0 = 4*l + 2*w - v, 3*w + 20 = -5*l + 50. What is r(l)?
-10
